 v/(-2) + (-6)/(-4)?
2
Suppose 7*g = 4*g + 27. What is the units digit of g?
9
What is the units digit of 6/(7 + -4) + 2?
4
Let o(i) = i**2 - 9*i - 5. Let c be o(7). Let q = c - -48. What is the units digit of q?
9
Suppose a = 6*a - 45. What is the units digit of 6/a*-3 + 10?
8
Suppose -5*q + 20 = 0, -35 = -j - 0*j - 4*q. What is the tens digit of j?
1
Let t(z) = 4*z - 2. Let m be t(3). Suppose -23*g + 18*g = -30. Let x = m - g. What is the units digit of x?
4
Suppose 3*o + 3*h - 207 = 0, 2*o + h - 6*h - 138 = 0. What is the units digit of o/4 + 15/20?
8
Let h(w) = w**3 - 2*w + 2. Let q be (4 - 4)/((-6)/2). What is the units digit of h(q)?
2
Let y(l) = l**2 + 5*l - 6. Let f be 2/9 + (-74)/9. What is the tens digit of y(f)?
1
Let m(v) = 66*v - 36. What is the units digit of m(4)?
8
What is the tens digit of ((-4)/(-3))/(-4 - (-2779)/693)?
3
Let g = 3 + 5. Suppose 3*k - g + 0 = -5*r, -5*k + 22 = 4*r. What is the units digit of k?
6
Let o be -1 + -7 - (1 + -5). What is the tens digit of (-1 - o - -33) + -2?
3
Let y = -67 + 152. Suppose 2*c = -5*v + y, 3*v - c = -v + 55. What is the units digit of v?
5
Suppose -3*i = -2 - 16. Suppose 5*s - 97 = -3*k, -3*s + i*s - 47 = k. What is the units digit of s?
7
Suppose -6*h + 3*h + 72 = 0. What is the tens digit of h?
2
Suppose 0 = -u + 3*z + 48, -3 = 4*z + 1. What is the tens digit of u?
4
Let q(z) be the second derivative of -9/2*z**2 - 1/3*z**3 - 2*z + 0. What is the units digit of q(-8)?
7
Let n(p) = p. Let r be n(-2). Let s be -1 + 22 + 0 + r. Suppose 29 = 3*x - 4*v, -v - 18 = -5*x + s. What is the units digit of x?
7
Suppose k - 4 = -k. Let t(p) = p**2 - p. Let w be t(k). Let n = w - -4. What is the units digit of n?
6
Let q = 21 + -15. Suppose 5*m - p - 14 = 0, -16 = m - q*m - p. Suppose 10 = m*t + 1. What is the units digit of t?
3
Suppose -4*o - 4*m + 12 = -2*o, -5*o - 4*m + 18 = 0. Suppose -22 + o = -2*i. What is the tens digit of i?
1
What is the units digit of 6/(-27) + 728/36?
0
Let a(i) = -31*i + 4. Let b be a(2). Let n = 84 + b. What is the tens digit of n?
2
Let p(s) = s**3 + 4*s**2 - 7*s - 6. Let f be p(-5). Suppose f*n + 4*a - 10 = 2*a, -3*a = 5*n - 14. What is the units digit of n?
1
Let b(j) = 9*j**3 + 3*j**2 + 3*j + 1. Let d be b(-1). Let m = 9 - -2. Let r = m + d. What is the units digit of r?
3
Let n(v) = v**2 + 5*v - 11. What is the units digit of n(-11)?
5
Let k(i) = i**2 + 5*i - 9. Let x be k(-7). Suppose 25 - 75 = -x*y. What is the units digit of y?
0
Suppose q - 1 = -4. Let z = q + 10. Suppose 4*k + z = -g + k, 0 = -2*g - k + 6. What is the units digit of g?
5
Suppose 4*r + 44 = 152. Suppose 4*k = k + r. What is the units digit of k?
9
Let d(h) = h**3 + 3*h**2 - 4*h + 4. Let y be d(-4). Suppose -2*a = -m - a + 6, -2*a = 2*m + y. Let q(b) = 4*b - 1. What is the units digit of q(m)?
7
What is the units digit of 2/9 - 503*(-8)/36?
2
Let n(h) = -h**2 - 2*h + 2. Let c be n(-2). Suppose c*b - 3*b + 4*a = -12, 4*a = 4*b - 60. Let d = b + -7. What is the units digit of d?
9
Let s = 996 + -626. What is the tens digit of s?
7
Suppose -4 = 3*a + 2. Let r(s) = 11*s**2 - s + 1. What is the units digit of r(a)?
7
Let r(a) = -4*a + 2 - 3*a**2 + 3 + 3*a**3 + 5*a. Let t(i) = -4*i**3 + 5*i**2 - i - 7. Let l(g) = -7*r(g) - 5*t(g). What is the units digit of l(-4)?
8
Let h be (6 - 5)/(1/3). Suppose h*p - 75 = 9. What is the units digit of p?
8
Let m = -15 + 10. Let q = -2 - m. Suppose 0 = 8*n - q*n - 60. What is the tens digit of n?
1
Let u be 5 + 3*(4 + -3). Suppose -2*g = -0*g + u. Let r(k) = k**3 + 5*k**2 + 2*k. What is the units digit of r(g)?
8
Let k = -5 - -5. Suppose 9*u - 4*u - 25 = k. What is the units digit of u?
5
Let c = 7 - 5. Let l be (c + -4)*1/(-2). What is the units digit of 3 + l*-2 + 1?
2
Let s = -22 + 21. Let z(a) = 10*a**2 - a - 1. What is the units digit of z(s)?
0
Let m(u) = -u**3 + 7*u**2 + 5*u + 5. Let t be m(7). Let n = 68 - t. Let y = n - 20. What is the units digit of y?
8
Let d = -5 - -8. What is the units digit of d?
3
Let q be (-632)/(-10) + 1/(-5). Suppose 3*d = -0*d - q. Let j = d + 36. What is the units digit of j?
5
Suppose -240 = 3*m + m. Let n = -21 - m. What is the units digit of n?
9
Suppose -2*p - 2*p + 16 = 0. Let z(u) = u**2 - 5*u + 5. What is the units digit of z(p)?
1
What is the units digit of (0/(-2))/3 + 6?
6
Let u = 22 + -14. What is the units digit of u?
8
Suppose u = 4*f + 14, -3*f + 0*f - 9 = 0. What is the units digit of u?
2
Let w = 14 + -2. Let y be (88/w)/((-2)/(-3)). What is the units digit of y/1 + -4 + 1?
8
Let g = -5 + 7. Suppose -2*j + 6 = 0, 0 = 5*l + g*j - 6*j + 132. What is the tens digit of (-2)/8*2*l?
1
Let l(h) be the third derivative of 0 + 5/6*h**3 + 1/120*h**6 + 0*h - 2*h**2 - 1/30*h**5 - 7/24*h**4. What is the units digit of l(4)?
9
Let n(a) = -3*a - 1. Let p be n(3). Let c = 4 - p. Let v = c - 9. What is the units digit of v?
5
Let w(o) = -2*o**3 - 4*o + 3. Let u(p) = 5*p**3 + p**2 + 9*p - 7. Let m(z) = 3*u(z) + 7*w(z). Let h be m(-3). What is the units digit of 3 - (-8 + 0 + h)?
8
Let b = 1 - 2. Let t(u) = 16*u**2 - u. What is the tens digit of t(b)?
1
Let s be (-2)/((-4)/1)*2. Let y = -10 - -12. Let i = y - s. What is the units digit of i?
1
Let i(g) = -g**2 - 8*g - 3. Let q be i(-6). Let l = q + -2. What is the units digit of l?
7
Let i(f) = -7*f - 16. What is the units digit of i(-5)?
9
Suppose -3*m + 115 = 5*v + 2*m, -2*v = m - 47. What is the tens digit of v?
2
Let b(d) = d**3 + 3*d**2 - 4*d + 4. Let r be b(-4). Suppose -i = -0*i - r. Suppose 5*a + 29 = i*g, 2*g - a - 2*a - 15 = 0. What is the units digit of g?
6
Let a = 3 - 1. Let t = 8 - a. Suppose 0 = -5*d - 1 + t. What is the units digit of d?
1
Let l(n) = n**2 + 5*n + 8. Let w be l(-4). Suppose 0 = -w*x + 85 + 11. What is the units digit of x?
4
Suppose 0*n = 5*n + 40. Let r(i) = 2*i + 11. Let v be r(n). Let p = v + 13. What is the units digit of p?
8
Suppose 2*v = 4*q - 0*q - 10, -3*v + 40 = 5*q. Suppose -v*y + 31 = 6. What is the units digit of y?
5
Let m = 16 - 1. What is the tens digit of m?
1
Suppose i + 12 = 3. Let r be 0 + -2 + (3 - 3) + 50. What is the units digit of r/27 + (-2)/i?
2
Suppose 5*f - 632 = -22. What is the tens digit of f?
2
Suppose -2*z - 156 = -4*p, z + 4*z = -5*p + 180. What is the tens digit of p?
3
Suppose -5*g + 0*g = 3*l - 25, l = -g + 5. Suppose l*d + 36 = 3*d. What is the tens digit of d?
1
Suppose 0 = -3*j - 79 - 11. Let g = 80 + j. What is the tens digit of g?
5
Let d(n) = -7 + 2*n + 1 + 1. Let q be d(5). Suppose -3*r - 2*z = -3, 0*r + 2*r + q*z = 2. What is the units digit of r?
1
Let q(z) = 2*z - 10. Let w be q(7). Suppose 32 = w*m - 212. Suppose 19 = 5*t - m. What is the units digit of t?
6
Suppose -5*l = -a - 29, -6*a = -a + 20. Suppose 4*z = l*z. What is the units digit of 4/3*(z - -3)?
4
Suppose -3*p = -k + 20, 4 = 4*k - 5*p - 41. Let b be (-2)/5 + 27/k. Suppose -c + 4*c + 3*v = 21, 23 = c + b*v. What is the units digit of c?
3
Let p(o) = -o**3 - 3*o**2 - 4*o - 4. Suppose -3 = 4*r - 3*r. Let j be p(r). What is the units digit of 84/j*(-8)/(-6)?
4
Let b(o) be the first derivative of o**2 + 3*o - 3. What is the tens digit of b(9)?
2
Suppose -j + 5*j + 16 = 0. Let a = -1 - j. What is the units digit of a?
3
Suppose -45 = -3*t + 9. What is the tens digit of t?
1
Let k(w) = -4*w + 1. What is the tens digit of k(-6)?
2
Let a = 159 + -96. What is the tens digit of a?
6
Let f(g) = 2*g + 3. Let i be f(-2). Let n = i + 3. Suppose -3*c = 3*j - 36, -3*j + 46 = 2*c + n*c. What is the tens digit of c?
1
Suppose 0*d = 4*d + t + 34, t = -3*d - 26. What is the units digit of d + 6 - (-16 + 1)?
3
Suppose -4*f = 3*y - 105, -4*f + f + 60 = -4*y. Suppose -5*x - 20 = 65. Let a = x + f. What is the units digit of a?
7
Suppose -5*p - 30 = -5*v, -v - 4*p = 3*v - 24. What is the units digit of v?
6
Suppose 3*s = -h + 8, 3*s = h - 3*h + 7. Let a(y) = -14*y**3 - y**2 + 1. What is the units digit of a(h)?
4
Suppose -3*n + 18 = 4*p - 5, 25 = 4*p + 5*n. Suppose 2*u + u + 57 = o, -o + 65 = -p*u. What is the units digit of o?
5
Let u = 196 + -10. What is the units digit of u?
6
Let w(j) = j**3 - 7*j**2 - 8*j - 5. Let r be w(8). Let q(m) = m**2 + 3*m - 5. Let t be q(r). Suppose -t*i = -0*i - 20. What is the units digit of i?
4
Let j = 153 - 26. What is the t